nvert 0 (base 4) to base 6.
0
-7 (base 13) to base 3
-21
What is e (base 16) in base 12?
12
Convert 101111 (base 2) to base 16.
2f
Convert 1 (base 11) to base 9.
1
What is 7 (base 16) in base 4?
13
Convert 1111 (base 2) to base 8.
17
What is -1202 (base 5) in base 10?
-177
Convert 210 (base 3) to base 6.
33
What is -311 (base 4) in base 8?
-65
Convert 7 (base 16) to base 11.
7
Convert b (base 13) to base 6.
15
What is 42 (base 5) in base 4?
112
Convert 3 (base 8) to base 7.
3
What is 1b (base 14) in base 15?
1a
What is -3 (base 7) in base 4?
-3
0 (base 7) to base 10
0
What is 114 (base 11) in base 14?
9a
What is -133 (base 10) in base 12?
-b1
What is 42 (base 10) in base 11?
39
Convert -11021 (base 3) to base 16.
-73
What is -2 (base 8) in base 13?
-2
What is 6 (base 10) in base 16?
6
-6 (base 8) to base 12
-6
-8 (base 12) to base 3
-22
Convert 200 (base 3) to base 5.
33
0 (base 7) to base 9
0
What is -64 (base 13) in base 7?
-145
What is -2 (base 10) in base 4?
-2
What is 37 (base 8) in base 14?
23
What is 145 (base 8) in base 4?
1211
310 (base 6) to base 15
79
What is 100 (base 4) in base 9?
17
-2 (base 8) to base 4
-2
What is -1 (base 3) in base 10?
-1
11101 (base 2) to base 7
41
What is 41 (base 10) in base 8?
51
What is -34 (base 13) in base 6?
-111
Convert -3 (base 16) to base 15.
-3
Convert 2012 (base 4) to base 16.
86
-b (base 13) to base 15
-b
Convert 30 (base 7) to base 6.
33
Convert -20 (base 12) to base 9.
-26
-48 (base 13) to base 8
-74
Convert -451 (base 6) to base 11.
-14a
What is -133 (base 5) in base 16?
-2b
What is 11 (base 10) in base 3?
102
What is -4 (base 5) in base 12?
-4
116 (base 7) to base 16
3e
What is -22 (base 9) in base 10?
-20
Convert -13 (base 7) to base 6.
-14
What is 1 (base 5) in base 11?
1
Convert 10 (base 12) to base 13.
c
Convert -3 (base 4) to base 3.
-10
-1 (base 9) to base 2
-1
What is -21 (base 10) in base 15?
-16
Convert -4 (base 9) to base 10.
-4
What is -9 (base 10) in base 11?
-9
What is -173 (base 8) in base 2?
-1111011
What is 10 (base 10) in base 8?
12
74 (base 9) to base 2
1000011
What is -1a (base 14) in base 7?
-33
What is 5 (base 14) in base 12?
5
What is 1122 (base 4) in base 14?
66
What is 1b (base 15) in base 10?
26
-16 (base 10) to base 4
-100
Convert 15 (base 12) to base 13.
14
What is -12 (base 4) in base 16?
-6
Convert -11 (base 6) to base 11.
-7
101 (base 2) to base 7
5
-14 (base 11) to base 12
-13
-35 (base 12) to base 11
-38
Convert 20 (base 11) to base 4.
112
What is 4 (base 14) in base 9?
4
11 (base 8) to base 15
9
175 (base 13) to base 8
411
-1 (base 9) to base 12
-1
1101 (base 2) to base 7
16
Convert 233 (base 4) to base 13.
38
What is 632 (base 7) in base 13?
1b5
-19 (base 11) to base 7
-26
Convert -3 (base 15) to base 5.
-3
Convert 203 (base 6) to base 15.
50
-4 (base 9) to base 5
-4
10 (base 7) to base 2
111
Convert 22 (base 3) to base 10.
8
Convert 56 (base 11) to base 4.
331
What is 2a (base 14) in base 11?
35
What is -72 (base 12) in base 4?
-1112
-4 (base 12) to base 10
-4
Convert -37 (base 16) to base 13.
-43
What is -22001 (base 3) in base 5?
-1332
-4 (base 16) to base 4
-10
What is 206 (base 8) in base 15?
8e
What is -31 (base 10) in base 14?
-23
What is -2 (base 16) in base 12?
-2
50 (base 13) to base 12
55
What is 5e (base 16) in base 15?
64
10 (base 3) to base 5
3
11 (base 7) to base 12
8
What is -526 (base 7) in base 11?
-221
1001 (base 3) to base 7
40
Convert 0 (base 5) to base 16.
0
What is -1 (base 16) in base 9?
-1
Convert 31 (base 6) to base 3.
201
2 (base 13) to base 5
2
What is 20 (base 7) in base 12?
12
a (base 13) to base 5
20
What is -23 (base 5) in base 10?
-13
What is -2 (base 10) in base 7?
-2
-2e (base 15) to base 14
-32
Convert -22 (base 15) to base 10.
-32
What is -100 (base 2) in base 9?
-4
Convert -a (base 15) to base 8.
-12
20 (base 3) to base 7
6
Convert -4b (base 13) to base 7.
-120
What is 22 (base 16) in base 6?
54
2 (base 4) to base 3
2
Convert -84 (base 12) to base 2.
-1100100
100 (base 3) to base 2
1001
What is -7 (base 15) in base 2?
-111
What is 0 (base 7) in base 11?
0
What is 5 (base 13) in base 3?
12
22012 (base 3) to base 9
265
Convert -8 (base 12) to base 11.
-8
What is -10 (base 2) in base 11?
-2
What is 14 (base 10) in base 7?
20
What is -2 (base 7) in base 5?
-2
7 (base 10) to base 8
7
What is 6a (base 13) in base 9?
107
3 (base 5) to base 14
3
-11 (base 8) to base 14
-9
What is 100 (base 2) in base 14?
4
What is -a (base 12) in base 16?
-a
What is -a8 (base 15) in base 3?
-12212
What is -430 (base 7) in base 16?
-d9
Convert -25 (base 6) to base 12.
-15
Convert ac (base 16) to base 11.
147
233 (base 6) to base 5
333
What is 18 (base 16) in base 10?
24
Convert -84 (base 9) to base 11.
-6a
Convert -56 (base 9) to base 15.
-36
What is -eb (base 16) in base 12?
-177
Convert -10 (base 6) to base 13.
-6
Convert -1 (base 4) to base 9.
-1
What is -1 (base 2) in base 15?
-1
Convert -15 (base 13) to base 4.
-102
20 (base 15) to base 16
1e
What is -2 (base 7) in base 2?
-10
What is -3 (base 14) in base 5?
-3
Convert 17 (base 13) to base 7.
26
Convert 13 (base 11) to base 9.
15
Convert 3 (base 5) to base 9.
3
Convert 127 (base 11) to base 4.
2112
What is -55 (base 15) in base 4?
-1100
-2 (base 13) to base 11
-2
21 (base 10) to base 3
210
What is -32 (base 13) in base 2?
-101001
Convert 1 (base 13) to base 8.
1
45 (base 9) to base 13
32
Convert -84 (base 16) to base 9.
-156
What is 8 (base 12) in base 6?
12
10 (base 2) to base 6
2
-46 (base 12) to base 7
-105
What is 0 (base 6) in base 4?
0
What is -4 (base 6) in base 16?
-4
Convert 8 (base 11) to base 14.
8
-4 (base 12) to base 4
-10
301 (base 6) to base 16
6d
Convert -12 (base 16) to base 6.
-30
What is 471 (base 8) in base 6?
1241
What is -75 (base 16) in base 3?
-11100
What is 333 (base 7) in base 10?
171
What is -2 (base 5) in base 16?
-2
Convert 311 (base 7) to base 5.
1110
-d (base 14) to base 15
-d
What is 164 (base 7) in base 10?
95
Convert -2 (base 10) to base 7.
-2
What is 2 (base 9) in base 6?
2
3 (base 9) to base 14
3
-89 (base 11) to base 7
-166
Convert 7 (base 10) to base 4.
13
Convert -2a (base 13) to base 12.
-30
What is 1101 (base 2) in base 5?
23
Convert 5 (base 7) to base 8.
5
Convert -8 (base 13) to base 11.
-8
-11 (base 4) to base 14
-5
0 (base 8) to base 11
0
340 (base 6) to base 12
b0
Convert 57 (base 13) to base 14.
52
-1221 (base 3) to base 5
-202
22 (base 7) to base 11
15
1142 (base 5) to base 2
10101100
Convert 0 (base 16) to base 5.
0
44 (base 7) to base 9
35
Convert 15 (base 15) to base 5.
40
-50 (base 10) to base 6
-122
Convert -135 (base 7) to base 11.
-69
Convert 34 (base 9) to base 13.
25
-12102 (base 3) to base 4
-2102
Convert 102 (base 4) to base 11.
17
-60 (base 9) to base 4
-312
What is -41 (base 15) in base 4?
-331
What is 211 (base 4) in base 15?
27
What is -1 (base 10) in base 11?
-1
What is -100100 (base 2) in base 15?
-26
What is 4 (base 16) in base 4?
10
1101 (base 2) to base 3
111
What is 21021 (base 3) in base 10?
196
Convert 1 (base 10) to base 9.
1
What is -339 (base 10) in base 9?
-416
Convert 4 (base 13) to base 5.
4
What is -a4 (base 15) in base 7?
-310
-103 (base 7) to base 3
-1221
What is 91 (base 10) in base 13?
70
-1 (base 13) to base 15
-1
-1 (base 6) to base 10
-1
Convert -2 (base 14) to base 13.
-2
What is -15 (base 8) in base 14?
-d
What is 0 (base 14) in base 5?
0
-10 (base 6) to base 15
-6
Convert -100 (base 2) to base 14.
-4
What is -13 (base 4) in base 16?
-7
What is 63 (base 14) in base 9?
106
3 (base 4) to base 10
3
Convert -7 (base 16) to base 5.
-12
-23 (base 12) to base 14
-1d
-a0 (base 13) to base 3
-11211
-1 (base 13) to base 8
-1
What is 0 (base 16) in base 10?
0
What is -1 (base 5) in base 8?
-1
-2 (base 8) to base 15
-2
Convert 73 (base 10) to base 6.
201
Convert 4 (base 16) to base 3.
11
30 (base 6) to base 9
20
1 (base 12) to base 13
1
Convert -143 (base 8) to base 15.
-69
Convert -20 (base 10) to base 16.
-14
Convert 2221 (base 5) to base 8.
467
Convert 0 (base 16) to base 8.
0
Convert -6b (base 16) to base 2.
-1101011
Convert 0 (base 12) to base 15.
0
Convert 32 (base 5) to base 16.
11
Convert -56 (base 12) to base 6.
-150
Convert -2 (base 3) to base 13.
-2
What is 11 (base 5) in base 13?
6
What is -1 (base 12)